igit of 11405?
4
What is the hundreds digit of 9697?
6
What is the tens digit of 2819?
1
What is the hundreds digit of 2160?
1
What is the thousands digit of 20501?
0
What is the hundreds digit of 103994?
9
What is the hundreds digit of 1227?
2
What is the units digit of 433?
3
What is the ten thousands digit of 99506?
9
What is the units digit of 62102?
2
What is the units digit of 932?
2
What is the tens digit of 32620?
2
What is the hundreds digit of 15072?
0
What is the tens digit of 4179?
7
What is the tens digit of 995?
9
What is the units digit of 5110?
0
What is the tens digit of 37184?
8
What is the ten thousands digit of 93325?
9
What is the tens digit of 1079?
7
What is the hundreds digit of 2114?
1
What is the tens digit of 16275?
7
What is the hundreds digit of 655?
6
What is the tens digit of 23?
2
What is the thousands digit of 10974?
0
What is the hundreds digit of 2457?
4
What is the thousands digit of 14323?
4
What is the units digit of 32123?
3
What is the units digit of 7609?
9
What is the hundreds digit of 52499?
4
What is the units digit of 7244?
4
What is the units digit of 3979?
9
What is the tens digit of 919?
1
What is the thousands digit of 5274?
5
What is the thousands digit of 4185?
4
What is the tens digit of 1920?
2
What is the tens digit of 3056?
5
What is the units digit of 47?
7
What is the tens digit of 31607?
0
What is the ten thousands digit of 36716?
3
What is the tens digit of 1404?
0
What is the thousands digit of 9249?
9
What is the thousands digit of 9186?
9
What is the hundreds digit of 631?
6
What is the units digit of 10615?
5
What is the thousands digit of 34663?
4
What is the hundreds digit of 8203?
2
What is the tens digit of 1857?
5
What is the hundreds digit of 3101?
1
What is the units digit of 1210?
0
What is the units digit of 576?
6
What is the thousands digit of 1136?
1
What is the units digit of 31221?
1
What is the units digit of 2060?
0
What is the hundreds digit of 960?
9
What is the thousands digit of 17255?
7
What is the units digit of 12004?
4
What is the tens digit of 4025?
2
What is the thousands digit of 1777?
1
What is the ten thousands digit of 18468?
1
What is the hundreds digit of 104910?
9
What is the thousands digit of 14177?
4
What is the thousands digit of 1424?
1
What is the units digit of 95472?
2
What is the hundreds digit of 87049?
0
What is the thousands digit of 3533?
3
What is the hundreds digit of 1192?
1
What is the tens digit of 11797?
9
What is the units digit of 5973?
3
What is the ten thousands digit of 39293?
3
What is the units digit of 4109?
9
What is the thousands digit of 4144?
4
What is the thousands digit of 54798?
4
What is the ten thousands digit of 35120?
3
What is the thousands digit of 4445?
4
What is the tens digit of 25853?
5
What is the ten thousands digit of 22089?
2
What is the units digit of 37781?
1
What is the hundreds digit of 66450?
4
What is the units digit of 195?
5
What is the tens digit of 147409?
0
What is the units digit of 31073?
3
What is the hundreds digit of 55324?
3
What is the tens digit of 91?
9
What is the tens digit of 6436?
3
What is the units digit of 604?
4
What is the units digit of 1083?
3
What is the thousands digit of 6818?
6
What is the tens digit of 483?
8
What is the thousands digit of 5205?
5
What is the units digit of 92?
2
What is the hundreds digit of 2497?
4
What is the thousands digit of 22201?
2
What is the hundreds digit of 1887?
8
What is the units digit of 440?
0
What is the hundreds digit of 95061?
0
What is the units digit of 970?
0
What is the tens digit of 2000?
0
What is the ten thousands digit of 48311?
4
What is the thousands digit of 24904?
4
What is the units digit of 8362?
2
What is the ten thousands digit of 54147?
5
What is the thousands digit of 1798?
1
What is the hundreds digit of 2999?
9
What is the thousands digit of 3150?
3
What is the tens digit of 8605?
0
What is the thousands digit of 3336?
3
What is the thousands digit of 5827?
5
What is the thousands digit of 9163?
9
What is the hundreds digit of 10715?
7
What is the units digit of 988?
8
What is the ten thousands digit of 42249?
4
What is the units digit of 61876?
6
What is the units digit of 2553?
3
What is the hundreds digit of 74461?
4
What is the units digit of 5266?
6
What is the units digit of 11708?
8
What is the units digit of 2142?
2
What is the units digit of 6001?
1
What is the ten thousands digit of 26690?
2
What is the units digit of 932?
2
What is the thousands digit of 4392?
4
What is the units digit of 3341?
1
What is the hundreds digit of 145902?
9
What is the hundreds digit of 52004?
0
What is the thousands digit of 7070?
7
What is the units digit of 4897?
7
What is the units digit of 9570?
0
What is the tens digit of 443?
4
What is the hundreds digit of 7095?
0
What is the units digit of 3984?
4
What is the thousands digit of 35465?
5
What is the thousands digit of 2643?
2
What is the hundreds digit of 851?
8
What is the hundreds digit of 34580?
5
What is the thousands digit of 2077?
2
What is the units digit of 33070?
0
What is the tens digit of 504?
0
What is the tens digit of 513?
1
What is the units digit of 2227?
7
What is the ten thousands digit of 34465?
3
What is the hundreds digit of 11165?
1
What is the hundreds digit of 491?
4
What is the tens digit of 2877?
7
What is the hundreds digit of 387?
3
What is the hundreds digit of 2510?
5
What is the tens digit of 2607?
0
What is the units digit of 62287?
7
What is the tens digit of 5596?
9
What is the units digit of 679?
9
What is the units digit of 979?
9
What is the tens digit of 488?
8
What is the thousands digit of 29479?
9
What is the tens digit of 192?
9
What is the tens digit of 199?
9
What is the thousands digit of 13024?
3
What is the hundreds digit of 20857?
8
What is the ten thousands digit of 72453?
7
What is the units digit of 42158?
8
What is the units digit of 13237?
7
What is the tens digit of 49672?
7
What is the tens digit of 18575?
7
What is the tens digit of 22566?
6
What is the units digit of 24663?
3
What is the thousands digit of 4207?
4
What is the units digit of 46570?
0
What is the hundreds digit of 665?
6
What is the tens digit of 14881?
8
What is the hundreds digit of 20010?
0
What is the ten thousands digit of 35327?
3
What is the hundreds digit of 36172?
1
What is the thousands digit of 9667?
9
What is the ten thousands digit of 13853?
1
What is the units digit of 145?
5
What is the hundreds digit of 923?
9
What is the units digit of 7798?
8
What is the thousands digit of 52610?
2
What is the thousands digit of 20772?
0
What is the hundreds digit of 619?
6
What is the units digit of 2546?
6
What is the hundreds digit of 19501?
5
What is the units digit of 147?
7
What is the ten thousands digit of 33500?
3
What is the units digit of 7205?
5
What is the tens digit of 725?
2
What is the tens digit of 3938?
3
What is the units digit of 774?
4
What is the units digit of 18321?
1
What is the units digit of 16333?
3
What is the ten thousands digit of 90651?
9
What is the tens digit of 44049?
4
What is the tens digit of 13168?
6
What is the units digit of 37657?
7
What is the tens digit of 49121?
2
What is the tens digit of 3491?
9
What is the tens digit of 5196?
9
What is the thousands digit of 16079?
6
What is the hundreds digit of 8292?
2
What is the tens digit of 34?
3
What is the units digit of 70548?
8
What is the tens digit of 3799?
9
What is the hundreds digit of 12315?
3
What is the tens digit of 9701?
0
What is the hundreds digit of 5688?
6
What is the tens digit of 50?
5
What is the ten thousands digit of 15615?
1
What is the tens digit of 54?
5
What is the tens digit of 1158?
5
What is the units digit of 15476?
6
What is the tens digit of 1476?
7
What is the thousands digit of 4067?
4
What is the tens digit of 1186?
8
What is the units digit of 43?
3
What is the units digit of 4391?
1
What is the tens digit of 907?
0
What is the hundreds digit of 22022?
0
What is the units digit of 582?
2
What is the units digit of 1815?
5
What is the tens digit of 101749?
4
What is the units digit of 65153?
3
What is the hundreds digit of 637?
6
What is the thousands digit of 2939?
2
What is the tens digit of 1884?
8
What is the hu